ulate the highest common factor of 5000 and 109760.
40
What is the highest common factor of 1177179 and 237?
237
Calculate the greatest common divisor of 33275 and 55.
55
Calculate the highest common factor of 540 and 35937.
27
Calculate the highest common factor of 70848 and 40672.
1312
Calculate the highest common divisor of 490 and 2860.
10
Calculate the greatest common factor of 108 and 173844.
36
Calculate the greatest common factor of 11 and 131351.
11
What is the highest common factor of 175 and 889?
7
What is the greatest common factor of 232435 and 203?
203
What is the highest common factor of 57497 and 121?
11
Calculate the highest common divisor of 10 and 61384.
2
Calculate the highest common divisor of 50000 and 3200.
400
What is the greatest common divisor of 4 and 1987004?
4
Calculate the highest common divisor of 181464 and 48.
24
Calculate the highest common divisor of 53262 and 288.
18
What is the greatest common factor of 19656 and 184464?
1512
Calculate the greatest common divisor of 1247 and 17716.
43
What is the highest common factor of 621 and 12447?
27
Calculate the greatest common divisor of 98800 and 741.
247
What is the greatest common divisor of 954615 and 621?
69
Calculate the highest common factor of 99 and 202113.
9
Calculate the greatest common factor of 658 and 127934.
94
What is the highest common factor of 65 and 33579?
13
Calculate the greatest common divisor of 15 and 1671.
3
Calculate the highest common factor of 276 and 19021.
23
What is the greatest common factor of 189 and 59913?
189
What is the highest common divisor of 16 and 113040?
16
What is the highest common factor of 9638 and 158?
158
What is the highest common factor of 689 and 1755?
13
What is the highest common divisor of 1468035 and 2295?
765
Calculate the greatest common divisor of 2835 and 1485.
135
What is the greatest common divisor of 8950 and 8055?
895
What is the highest common divisor of 17 and 80614?
17
What is the greatest common divisor of 270560 and 94240?
3040
What is the greatest common divisor of 3260 and 1467815?
815
Calculate the highest common factor of 288 and 784.
16
Calculate the greatest common divisor of 14 and 4602.
2
What is the greatest common factor of 16 and 36992?
16
What is the greatest common factor of 928 and 152?
8
Calculate the greatest common divisor of 1562 and 1397.
11
Calculate the highest common factor of 319221 and 945.
189
Calculate the highest common divisor of 82801 and 93.
31
Calculate the highest common factor of 299280 and 688.
688
Calculate the greatest common factor of 1431486 and 1512.
378
What is the highest common factor of 39483 and 3895?
41
What is the highest common divisor of 213658 and 5072?
634
Calculate the highest common divisor of 699215 and 55.
55
What is the highest common divisor of 2115 and 329?
47
What is the greatest common divisor of 145 and 48095?
5
What is the highest common divisor of 40410 and 160?
10
Calculate the greatest common divisor of 2952 and 868257.
369
What is the greatest common divisor of 672 and 2388?
12
Calculate the highest common factor of 55375 and 2000.
125
Calculate the greatest common divisor of 24015 and 105.
15
Calculate the greatest common divisor of 41710 and 258.
86
What is the greatest common factor of 25557 and 9387?
21
Calculate the highest common divisor of 10 and 3955330.
10
What is the highest common factor of 42 and 208012?
14
Calculate the highest common factor of 214819 and 993.
331
Calculate the greatest common divisor of 49955 and 206.
103
Calculate the highest common divisor of 287 and 1365.
7
What is the highest common divisor of 84 and 3047919?
21
Calculate the greatest common factor of 336 and 4116.
84
Calculate the greatest common divisor of 666 and 1404483.
111
What is the greatest common factor of 34903 and 2013?
11
Calculate the greatest common factor of 19065 and 82.
41
What is the greatest common factor of 80 and 56080?
80
What is the highest common divisor of 1936 and 1236576?
176
What is the greatest common factor of 17212 and 559?
13
Calculate the greatest common factor of 112 and 61504.
16
Calculate the greatest common divisor of 9096 and 36.
12
Calculate the highest common factor of 185563 and 32242.
343
What is the highest common factor of 3432963 and 811?
811
Calculate the greatest common divisor of 34 and 877710.
34
Calculate the greatest common factor of 194 and 22.
2
Calculate the highest common factor of 1074699 and 129.
129
Calculate the greatest common divisor of 248 and 4923358.
62
Calculate the highest common factor of 2259 and 4081260.
753
Calculate the greatest common factor of 13470 and 615.
15
What is the greatest common factor of 840 and 14510?
10
Calculate the greatest common divisor of 94808 and 56.
56
Calculate the greatest common factor of 36799 and 49.
49
What is the greatest common factor of 33014 and 14586?
34
What is the greatest common factor of 9555746 and 38?
38
What is the greatest common factor of 830 and 45230?
10
What is the greatest common factor of 5 and 456740?
5
What is the highest common factor of 96 and 101640?
24
What is the greatest common factor of 841 and 6467?
29
What is the greatest common divisor of 184 and 155020?
92
What is the highest common divisor of 44552 and 24?
8
Calculate the greatest common factor of 436 and 122407.
109
Calculate the highest common divisor of 27801 and 1.
1
Calculate the highest common divisor of 957 and 17835.
87
Calculate the greatest common factor of 17612 and 20720.
1036
What is the greatest common factor of 1114 and 707390?
1114
What is the greatest common factor of 48849 and 213393?
2571
What is the highest common factor of 971782 and 1435?
287
Calculate the greatest common divisor of 77766 and 78.
78
Calculate the greatest common factor of 164060 and 1755.
65
What is the greatest common divisor of 2016 and 7876?
4
What is the greatest common factor of 12 and 2215812?
12
What is the highest common divisor of 4199 and 3515?
19
What is the highest common factor of 48232 and 16?
8
What is the greatest common divisor of 147984 and 304?
16
Calculate the greatest common factor of 350923 and 43.
43
What is the greatest common factor of 672 and 142016?
224
What is the highest common factor of 70425 and 621?
9
Calculate the greatest common factor of 32 and 387104.
32
Calculate the highest common factor of 198810 and 235.
235
Calculate the highest common factor of 12939896 and 248.
248
What is the highest common factor of 72 and 73608?
24
What is the highest common divisor of 1419102 and 270?
18
Calculate the greatest common factor of 80232 and 234.
6
Calculate the greatest common divisor of 72561 and 14079.
1083
Calculate the greatest common divisor of 6654077 and 1101.
367
Calculate the highest common divisor of 17953 and 26.
13
What is the highest common factor of 60 and 677940?
60
What is the highest common factor of 9720 and 1116?
36
What is the greatest common divisor of 79 and 57?
1
What is the highest common factor of 110177 and 136?
17
Calculate the greatest common divisor of 7800 and 5044.
52
Calculate the highest common factor of 8207626 and 14.
14
What is the highest common divisor of 5682000 and 600?
600
What is the highest common divisor of 242 and 823768?
242
Calculate the highest common factor of 132 and 836868.
12
Calculate the greatest common divisor of 3417 and 12462.
201
Calculate the highest common divisor of 78 and 11414.
26
Calculate the greatest common divisor of 17508 and 1308.
12
Calculate the greatest common divisor of 2200 and 20075.
275
What is the greatest common factor of 1619489 and 191?
191
What is the highest common factor of 5372 and 196236?
316
What is the greatest common divisor of 643302 and 270?
54
Calculate the highest common divisor of 63 and 66969.
63
Calculate the highest common factor of 286 and 432223.
11
Calculate the greatest common divisor of 268139 and 74.
37
What is the highest common factor of 7545 and 21?
3
What is the greatest common divisor of 259840 and 48?
16
Calculate the greatest common divisor of 568 and 2376796.
284
What is the greatest common factor of 13662 and 24794?
506
What is the greatest common divisor of 4482 and 108?
54
Calculate the highest common divisor of 4659 and 21.
3
What is the